-x + 50, -13 = -3*h - 4*x. Is k(h) prime?
False
Let h be (-1)/2 + 921/(-6). Let s = h + 92. Is (7 - 5)/((-4)/s) a prime number?
True
Let r be 0 + 1 + 4/1. Suppose 5*x = -0*l - r*l + 260, -203 = -4*x + l. Is x a composite number?
True
Let l(s) = 24*s - 35. Is l(6) a composite number?
False
Let s = -1 - -3. Let w be 2*((-1)/s - 0). Is (-2 + 2 - w)*91 a composite number?
True
Is (-2 - -5)*178/(-12)*-2 prime?
True
Suppose 4*c = 4*p + 292, -2*c + 4*p + 361 = 3*c. Is c a composite number?
True
Let g = 80 + -30. Let i = g + 7. Is i prime?
False
Let d(p) = p**2 - 5*p + 4. Let u be d(5). Suppose 371 = u*n - 117. Is n a composite number?
True
Let x = 433 + -259. Suppose -5*o - 4*w + 263 = 0, -o + x = 2*o - 3*w. Is o a prime number?
False
Let p(n) = -6*n - 1. Let g = -10 + 6. Is p(g) a composite number?
False
Is 3/(-12) - 8276/(-16) a prime number?
False
Let l be (-1)/2 - 219/(-6). Suppose 3*g - 57 = l. Is g a prime number?
True
Let y(w) = w**2 + w - 5. Let a = 0 - -4. Is y(a) a composite number?
True
Let p(z) be the second derivative of 5*z**3/3 + 7*z**2/2 + z. Is p(9) prime?
True
Suppose -4*i + 9957 = -5*w, -4*i - 2518 + 12455 = -w. Is i a prime number?
False
Suppose -3*f = -4*a + 146, 3*a + 0*a - 5*f - 115 = 0. Let i = a - 13. Is i a composite number?
True
Suppose -2*s = -3*s. Let h be 7 + -2 + s + 0. Suppose -w - 316 = -h*w. Is w a composite number?
False
Is (-3)/(-6) - 74/(-4) a composite number?
False
Suppose h + 2*d - 455 = 0, -4*d + 1824 = 6*h - 2*h. Is h a prime number?
True
Suppose v + 5 = -0*v, -5*j - v + 185 = 0. Is j a prime number?
False
Let r be (7890/6)/(2/2). Suppose 4*y = 3*c + r, 0 = -2*c + 4*c - 6. Is y a prime number?
True
Let q be (-3 + 0)/(0 + -1). Let o = 3 - q. Suppose 0 = -o*g + 2*g - 42. Is g a prime number?
False
Let r = 158 + -239. Let v be (1 + 192/(-9))*r. Is 1/4 - v/(-36) a prime number?
False
Suppose 8*s + 4*o - 132 = 4*s, -3*s + 2*o + 99 = 0. Is s a prime number?
False
Let f(g) be the third derivative of 0*g - 1/120*g**6 + 5/24*g**4 + 0*g**5 - 1/6*g**3 + 3*g**2 + 0. Is f(-4) a prime number?
True
Let h be (-26)/10 - (-8)/(-20). Is 0/(-7 - h) - -669 prime?
False
Suppose 3*g - 5 = -2*g, -4*g = -4*b + 168. Is b composite?
False
Suppose -581 = -f - 3*s - 119, -3*f - 3*s + 1404 = 0. Is f a prime number?
False
Let j(w) = w - 6. Let a be j(5). Is (0 - -1)*a + 59 a prime number?
False
Is 1/(-2)*-6*11599/21 prime?
True
Let a(q) = 26*q - 31. Is a(8) a composite number?
True
Let h = 6 - -2. Suppose -3*v + h*v + y - 2219 = 0, -y = 3*v - 1333. Is v prime?
True
Suppose 56*f - 53*f = 4071. Is f a composite number?
True
Suppose 3*n - 2645 = -2*n. Is n a prime number?
False
Let p = -17 + 43. Is p composite?
True
Suppose -4*z = -z - 81. Let d = z + 2. Suppose -2 = -w + d. Is w a composite number?
False
Let p = -280 - -68. Let d = p + 403. Is d composite?
False
Let v be 5368/(-16) - (-3)/(-2). Let s = -210 - v. Is s prime?
True
Suppose 8*r - 30 = 3*r. Suppose -4*d + 14 = -r. Suppose -3*h + 322 = d*i - 352, -664 = -3*h + 5*i. Is h composite?
False
Suppose -2 = -2*c + 2. Suppose c*x = 4*x - 402. Is x prime?
False
Suppose 5*r - 4*b + 20 = 0, -5*r = -r + 2*b - 10. Suppose -12 + r = -4*p. Let u(h) = 4*h - 3. Is u(p) composite?
True
Let t(m) = -4*m - 2. Let g be t(-2). Let b = 8 - g. Suppose 0*y - b*y + 158 = 0. Is y composite?
False
Let p = -65 + -57. Let j = 101 - p. Is j composite?
False
Let g(k) = 481*k - 8. Let m be g(5). Is (-2)/((-3)/(m/2)) a prime number?
False
Let z be 28/7 + 2/2. Suppose -z*x - 3*t = -2*t - 966, -2*x + 392 = -t. Is x a composite number?
True
Suppose o + 0*o = 134. Is o a prime number?
False
Let x(b) = -19*b + 5. Let a be 4 + -5 + 2 + -7. Is x(a) a composite number?
True
Suppose 4*n = 3*n + 50. Let w = n + -28. Suppose 2*r - w = 4. Is r a prime number?
True
Let c(s) = s**2 - s + 221. Let p be c(0). Let w = 329 - p. Let g = -59 + w. Is g a prime number?
False
Is -3*(-2)/(-6) + -3 + 255 a prime number?
True
Suppose -4*c = 2*r - 10, 5*c + 3*r = 5 + 8. Suppose -17 = -m + 4*m + 5*y, 24 = -c*m + 3*y. Let a(x) = -x**2 - 12*x + 8. Is a(m) prime?
False
Suppose 5*f - 596 = 9. Is f a composite number?
True
Let f(s) = -s**3 - 2*s**2 + 4*s - 2. Let r(k) = k + 1. Let b be r(-5). Let c be f(b). Let h = c - -1. Is h a composite number?
True
Suppose 6*l = 2*l, 4*l + 2398 = 2*t. Is t a prime number?
False
Let z(q) = 2*q**2 - 5*q + 3. Let j be (1*3)/(12/16). Let v be z(j). Is 10/v + (-134)/(-6) a prime number?
True
Suppose 2*g + 4 = 8. Is 72 + g + (-3 - 0) a prime number?
True
Let n(s) = 5*s - 4. Let u be n(8). Let w be (5/4)/((-3)/u). Is 1/(-3) - 800/w a prime number?
True
Suppose -22 = -l - 3*u, 0*l = 3*l + 4*u - 51. Suppose 5*h = l + 7. Is 3/6 - (-74)/h prime?
True
Suppose 0 = -4*b + b. Suppose b = -k - 5, 204 = 6*c - 2*c - 4*k. Is c a prime number?
False
Let m = -94 + 33. Let b = -42 - m. Is b prime?
True
Is (2/(-6))/(9/(-23679)) prime?
True
Suppose -4*g + 1 = 13. Suppose h - 18 = 4*h. Is (-406)/h + 2/g a composite number?
False
Suppose b = -3, 4*b - 479 = -4*m - 1179. Let h be 4/(-20) + m/(-10). Let c = 42 + h. Is c prime?
True
Let l = 9 + -6. Suppose -5*u - 307 = -2*y + 193, y + 4*u = 276. Suppose -h + y = l*h. Is h composite?
True
Let s = 2740 - 1787. Is s prime?
True
Let m(f) = 367*f**2 - 4*f - 3. Let b be m(-2). Suppose -l + 1 = 4, -b = -5*h + l. Suppose h = 3*z + 45. Is z a prime number?
True
Let v be (1/(-3))/((-1)/18). Suppose 82 - v = 4*l. Is l prime?
True
Is (3/(-2))/(3/(-138)) a composite number?
True
Let g(s) = -s**3 + 6*s**2 - 3*s - 7. Let v(z) = -z - 1. Let c be v(-6). Let t be g(c). Suppose -q + 3*n + 82 = -2*n, -181 = -t*q + 2*n. Is q composite?
True
Is ((-1338)/15)/((-4)/20) composite?
True
Suppose g - 20 = -3*g. Let y(h) = h**3 - 4*h**2 - 2*h - 6. Let a be y(g). Suppose -a*j + 4*j + 395 = 0. Is j a composite number?
False
Suppose -5*u + 1 = 11. Let m = 36 - 37. Is (u - m)/(3/(-30)) composite?
True
Let n(i) = 3*i - 2*i + i**2 - i - 1. Let f be n(2). Suppose -3*b + 6*b = -3*r + 90, f*r = 3*b + 120. Is r composite?
True
Suppose -5*v + 128 = 2*z, -2 - 2 = -2*v. Is z composite?
False
Suppose r - 17 = 5*v, 3*v = -r - 8 + 1. Suppose -r*a = p - 3*p - 210, -426 = -4*a - 2*p. Is a prime?
False
Suppose 4*p + 109 - 620 = -s, 1969 = 4*s + p. Is s a composite number?
False
Suppose -5*j = 2*n - 59, 0*n - 2*j = -3*n + 60. Is n a prime number?
False
Let y be ((-2)/4)/(2/(-8)). Suppose 2*v + 5 = -1. Is 418/6 + y/v prime?
False
Let g(k) be the third derivative of -k**6/120 - k**5/5 - 5*k**4/12 + 2*k**3 - 4*k**2. Let z be g(-13). Suppose 172 = n + 5*p, p + z = 4*n - 2*n. Is n prime?
True
Let g(q) = 36*q - 1. Is g(7) prime?
True
Is (3/(-4))/((-1)/452) a prime number?
False
Suppose 0 = 2*a + a - 21. Suppose 4*j + a + 14 = 3*f, -4*j + 1 = -f. Is f a composite number?
False
Suppose 0 = 4*j + 882 - 210. Is (-2)/2 + j/(-2) a composite number?
False
Let v(a) = 128*a**2 - a. Let u be (2*(-2)/4)/(-1). Let f be v(u). Suppose f + 48 = 5*x. Is x a composite number?
True
Is (-20750)/(-20) - (-3)/2 a prime number?
True
Let f(d) = d**2 - 5*d - 3. Let m be (-20)/2*(-2)/2. Is f(m) prime?
True
Let f be (44/(-6))/(16/(-1464)). Suppose 2*g + f = j, 5*j + 2*g + g = 3355. Is j a prime number?
False
Let t(p) = -p**3 + 5*p**2 + p - 1. Let n be t(5). Suppose 4*m = -n*h + 24, 0 = -2*h - 3*h - m + 14. Suppose 0 = h*i + 2*i - 140. Is i a composite number?
True
Suppose -79 = -2*y + 919. Is y prime?
True
Suppose 5*x + 4*n - 17543 = 0, 4*n = x - 4248 + 725. Is x composite?
False
Is 485 + (-2 - -2) - (-3 + 1) a composite number?
False
Let d(f) = -f + 26. Let u(h) = h**3 + 2*h**2 - 3*h - 3. Let c be u(-3). Let q be 0*(2/c + 1). Is d(q) composite?
True
Let l be (10/15)/((-2)/66). Let h = l + 59. Is h composite?
False
Let v = -376 + 526. Let w = v + -16. Let b = 29 + w. Is b prime?
True
Is (-6 + 3)*(-187)/3 a composite number?
True
Is (4 + -5 - -4)*1195/3 prime?
False
Let d = 3 + -2. Let g be 0 + d + 5 - -1. Suppose -q + g = -0. Is q composite?
False
Let a(u) = u**3 + 8*u**2 - 4. Let d be a(-8). Is d/(-5) - 102/(-10) a composite number?
False
Suppose 3*h - 103 = 74. Is h composite?
False
Let q(l) = 2*l + 8. Let z be 6/(1/(-3) - -1). Is q(z) a composite number?
True
Suppose 0 + 12 = 2*y. Is (-1)/((y/(-2))/129) a composite number?
False
Let y = 291 - -152. Is y composi